) is divided by j?
3
Let f = 248 + 169. What is the remainder when f is divided by 6?
3
Let q(t) = -t**2 + 14*t - 17. Let m be 7 + (1 + -4 - -4). What is the remainder when q(m) is divided by 8?
7
Let x(g) = 57*g**2 - 86*g - 19. What is the remainder when x(6) is divided by 23?
22
Let u(v) = -2*v - 16. Let d be u(-6). Calculate the remainder when (-3)/((-6)/10) + 3 is divided by (3 + -2)/(d/(-20)).
3
Let k(i) = 3*i**2 + 18*i + 5. Let u be k(-12). Suppose -4*m - 2*b - 45 = -u, -b + 180 = 4*m. What is the remainder when m is divided by 12?
10
Let p(b) = -b**3 + 11*b**2 - 4. What is the remainder when p(7) is divided by 22?
16
Let f(n) = n**3 + 5*n**2 + 4*n + 35. What is the remainder when 49 is divided by f(-5)?
4
Let o(w) = w**3 + 4*w**2 + 5*w + 2. Let v be o(-2). Suppose v = 2*a + 53 - 77. What is the remainder when a is divided by 5?
2
Let j(c) = 4*c**2 - 3*c - 6. Suppose -2*q = 3*u - 1, 4*q + 4*u + 8 = -q. Let y(i) = 6*i + 6. Calculate the remainder when j(q) is divided by y(3).
22
Calculate the remainder when 0 - (18/3 + -73) is divided by 37.
30
Let s = 43 + -40. Calculate the remainder when 17 is divided by s.
2
Let w(s) = 5*s + 5. Let t be w(7). Suppose 0 = -3*b + 8 + t. What is the remainder when b is divided by (-2 + (4 - 1))*(-17 + 26)?
7
Let x(a) = -27*a - 114. Calculate the remainder when x(-6) is divided by 25.
23
Let c be (-1)/(2*(-1)/(-6)). Let m = 8 + c. Calculate the remainder when (m/4)/(3/120) is divided by 17.
16
Suppose 0*f - 5*f + 90 = 0. Suppose -43098*l + 43112*l - 490 = 0. What is the remainder when l is divided by f?
17
Suppose r - 72 = -3*i, 5*i - r = 3*r + 137. Let t = 5 + i. What is the remainder when t is divided by 8?
6
Let v = -292 + 322. Calculate the remainder when 89 is divided by v.
29
What is the remainder when 107 is divided by (-132)/(-6)*1 - (17 + -13)?
17
Suppose -24*q + 4788 = -10*q. What is the remainder when q is divided by 69?
66
What is the remainder when 198*(-2 - 30/(-12)) is divided by 23?
7
Suppose -3*l - 12 = 0, -5*l - 1905 = 4*j - 9*j. Calculate the remainder when j is divided by 6.
5
Let k = 305 + -9. Calculate the remainder when k is divided by 104.
88
Let f(i) = 6 - i**3 + 3*i - 9*i - 4*i**2 + 13*i**2 + 5. Calculate the remainder when 106 is divided by f(8).
25
Let w(p) = p**3 + 7*p**2 + 6*p - 2. Let m be w(-6). Calculate the remainder when 1/((-2)/148*m) is divided by 5 + -7 + -2*21/(-2).
18
Suppose 5*s - n - 27 = 0, 5*s + 0*s + n = 33. Suppose -s*t = -64 - 176. Calculate the remainder when 159 is divided by t.
39
Calculate the remainder when 140 is divided by 20/(-12)*(-459)/15.
38
Let x(r) = -3*r - 11. Let z be x(-4). Suppose -4*g = 3 - 19. Calculate the remainder when 13*(z + -1 + 0 + 1) is divided by g.
1
Let d(o) = -o**2 - 18*o - 24. Let c be d(-12). Let s = c + -29. Calculate the remainder when s is divided by 10.
9
Suppose -3*n - 7 = -4*n. Suppose 4*w + 23 + 5 = 4*y, -4 = 2*w. What is the remainder when n is divided by y?
2
Suppose 30*p - 14 = 136. Suppose -5*u - 15 = 0, -14 = -y + 5*u + 4. Suppose m = -y*m + 56. What is the remainder when m is divided by p?
4
Let i(b) = 5*b + b + 3*b. Suppose 4*r - 11*r = -7. What is the remainder when i(r) is divided by 6?
3
Let n = 40 + 17. Suppose 4*p = 4*j + 44 + 12, p - 18 = 2*j. What is the remainder when n is divided by p?
7
What is the remainder when 194 is divided by (-634)/(-8) - (-39)/52?
34
Suppose -68 = -c + 1. Let q = -2247 + 2265. What is the remainder when c is divided by q?
15
Let c(l) = 5*l**2 - 41*l - 32. Calculate the remainder when 66 is divided by c(9).
2
Suppose 0 = 5*z - 4*y + 5*y - 77, 0 = -3*z + 5*y + 35. Calculate the remainder when 59 is divided by z.
14
Let f be 1 - (1*-22 + -3 + -3). Suppose -5 = 3*n - f. What is the remainder when n is divided by 4?
0
Let m(y) = 5*y**3 + 3*y**2 + 2*y - 5. Let b be m(3). Suppose 0 = -12*v + b + 5. Calculate the remainder when 25 - (0 + -2)*1 is divided by v.
13
Suppose 0 = -t + 1, -3*l = -5*l + t + 289. What is the remainder when l is divided by 12*(-117)/(-27) + -3?
47
Suppose -o = -5*l - 54 - 5, -5*l + 97 = 3*o. What is the remainder when o is divided by 11?
6
Suppose -94 = -4*i - 26. What is the remainder when (-2)/11 - 9040/(-110) is divided by i?
14
Suppose -5*t + 217 = -8. Let s = -1 + t. What is the remainder when s is divided by 15?
14
Suppose 0 = -4*w + 92 - 12. Suppose 2*i + 9 = -0*n + 3*n, -5*n + 10 = -5*i. Suppose -n*g + 2 = -193. What is the remainder when g is divided by w?
19
Suppose 74*v - 80*v + 1332 = 0. What is the remainder when v is divided by 59?
45
Let l(t) = 4*t. Let o be l(1). Suppose -15*k = -18*k + s + 61, 2*k - 38 = -2*s. What is the remainder when 52/o*(2 - -1) is divided by k?
19
Suppose -j + m + 78 = 0, 7*j - 4*j + 5*m = 234. Calculate the remainder when 369 is divided by j.
57
Let q(r) be the second derivative of r**4/3 - 23*r**2/2 - 23*r. Calculate the remainder when q(-7) is divided by 29.
28
Suppose 5*j = -4*h + 125, j - 58 = -2*h + 3*j. Calculate the remainder when 53 is divided by h.
23
Suppose -f + 9 + 12 = 0. What is the remainder when 120 is divided by f?
15
Suppose 15*u - 262 - 23 = 0. What is the remainder when 110 is divided by u?
15
Suppose -29*f = -24*f + 15. Let t(g) = -23*g + 13. What is the remainder when t(f) is divided by 43?
39
Calculate the remainder when 141 is divided by 95/1 + (11 + -27 - -15).
47
Suppose -15*j = -j - 280. Calculate the remainder when 36 is divided by j.
16
Suppose -4*l + 5*p = l - 5, 2*p + 11 = 5*l. Suppose 4*w = l*t + 68, -4*w + w - 4*t + 51 = 0. Calculate the remainder when 65 is divided by w.
14
Suppose 78*v + 135 = 3*u + 81*v, 5*v = 5*u - 205. What is the remainder when u is divided by 33?
10
Suppose 0*i = 2*r - 2*i - 20, -3*i - 19 = -2*r. Let f(u) = -u**3 + 5*u**2 + 3. Let a be f(5). Suppose r = d + a. What is the remainder when d is divided by 4?
0
Let q = -103 - -214. What is the remainder when q is divided by 41?
29
Suppose 5*n = -2*x + 195, -5*n = -x - 2*n + 81. Suppose -4*d = 22 - x. What is the remainder when 83 is divided by d?
15
What is the remainder when 16/176 + (-636)/(-22) is divided by (-4)/14 + (-216)/(-21)?
9
Let g(n) = -9 + 6*n - 8 - 16. Calculate the remainder when -1 - -54 - (0 - 0) is divided by g(10).
26
Suppose -2 = -0*q - q. What is the remainder when -3*87/(-9) - -2 is divided by (7 + -11)/(q/(-4))?
7
Suppose 310*j + 56 = 314*j. Let m(h) = -14*h - 1. Calculate the remainder when m(-4) is divided by j.
13
Suppose 3*m + 10 = 28. Calculate the remainder when 28 is divided by (0 - 6)/(m/(-15)).
13
Let y = 23 - 15. Let x = 3854 - 3848. What is the remainder when y is divided by x?
2
Calculate the remainder when -4*48/32*(-8)/6 is divided by 4.
0
Suppose -7*t + 963 - 571 = 0. What is the remainder when t is divided by 23?
10
Let c be 6/(-14) + 216/63. Suppose 2*b = -w + 111, 0*b + 45 = b - c*w. What is the remainder when (3/6)/(3/b) is divided by 5?
4
What is the remainder when 133/2 + 1/(-2) is divided by -12 + 45/(-9) + 34?
15
Suppose 4*x - 456 = -4*q, 26*x - 28*x - 4*q + 222 = 0. Calculate the remainder when x is divided by 12.
9
Let j = -1375 + 2070. Let g = -445 + j. Suppose z + g = 6*z. What is the remainder when z is divided by 18?
14
Suppose 72*r - 1124 - 316 = 0. Suppose u + 2*u + 5*x - 26 = 0, x = 5*u - 62. What is the remainder when r is divided by u?
8
Let t(n) = -33*n + 13. Let d be t(-4). Suppose -g = -2*s + 173, -2*s + d = g - 38. Calculate the remainder when s is divided by 18.
17
Let c be 2/(-3)*72/(-16). Suppose -2*v - 3*a = -c*v + 10, a = -2*v - 1. Let w(q) = 74*q**3 - q**2 + 1. Calculate the remainder when w(v) is divided by 19.
17
What is the remainder when -12*(-16)/24 + 65 is divided by 31?
11
Let z(d) = d**2 - d + 19. Let s be z(0). Suppose -s*t = -15*t - 28. Calculate the remainder when t is divided by 5.
2
Suppose -l + 3 = 0, 4*l = 4*r - l - 37. Suppose -2*a + 43 = r. Suppose -4*x + 39 = -3*v, -v - 2 = -2*x + 17. What is the remainder when a is divided by x?
6
Let h(t) = -t**3 + 7*t**2 + 2. Let k be h(3). Let l = k + -27. What is the remainder when (-1)/(-2) + 425/10 is divided by l?
10
Let h(w) = w**3 + 6*w**2 - 6*w - 8. Let d be (1 + 11)/(-2) + 4. Calculate the remainder when h(-6) is divided by (-17)/(-3) - d/6.
4
Let a = 880 - 739. What is the remainder whe